t of 35392?
3
What is the tens digit of 1152?
5
What is the hundreds digit of 3769?
7
What is the tens digit of 32223?
2
What is the tens digit of 3202?
0
What is the hundreds digit of 118319?
3
What is the units digit of 3324?
4
What is the tens digit of 14622?
2
What is the tens digit of 7082?
8
What is the units digit of 8986?
6
What is the tens digit of 37818?
1
What is the hundreds digit of 5316?
3
What is the tens digit of 68060?
6
What is the units digit of 1505?
5
What is the units digit of 980?
0
What is the thousands digit of 1203?
1
What is the tens digit of 13068?
6
What is the hundreds digit of 2106?
1
What is the hundreds digit of 1598?
5
What is the thousands digit of 147326?
7
What is the units digit of 19988?
8
What is the tens digit of 38222?
2
What is the tens digit of 3043?
4
What is the hundreds digit of 1832?
8
What is the tens digit of 3477?
7
What is the ten thousands digit of 13670?
1
What is the units digit of 129?
9
What is the hundreds digit of 12795?
7
What is the hundreds digit of 314?
3
What is the tens digit of 31793?
9
What is the tens digit of 5877?
7
What is the hundreds digit of 7040?
0
What is the units digit of 1378?
8
What is the hundreds digit of 781?
7
What is the tens digit of 97894?
9
What is the thousands digit of 21834?
1
What is the thousands digit of 10406?
0
What is the units digit of 1481?
1
What is the units digit of 64300?
0
What is the units digit of 17171?
1
What is the thousands digit of 9439?
9
What is the tens digit of 6805?
0
What is the units digit of 1004?
4
What is the tens digit of 6132?
3
What is the tens digit of 959?
5
What is the thousands digit of 51883?
1
What is the hundreds digit of 1067?
0
What is the units digit of 4850?
0
What is the thousands digit of 18170?
8
What is the tens digit of 6450?
5
What is the tens digit of 1511?
1
What is the units digit of 126643?
3
What is the hundreds digit of 10976?
9
What is the thousands digit of 4996?
4
What is the units digit of 11545?
5
What is the thousands digit of 55727?
5
What is the thousands digit of 81706?
1
What is the units digit of 33174?
4
What is the ten thousands digit of 31670?
3
What is the hundreds digit of 528?
5
What is the thousands digit of 81672?
1
What is the thousands digit of 3886?
3
What is the thousands digit of 2016?
2
What is the units digit of 133897?
7
What is the tens digit of 85?
8
What is the thousands digit of 8028?
8
What is the units digit of 905?
5
What is the thousands digit of 3930?
3
What is the units digit of 3012?
2
What is the ten thousands digit of 13990?
1
What is the hundreds digit of 8028?
0
What is the ten thousands digit of 32830?
3
What is the thousands digit of 54700?
4
What is the thousands digit of 47510?
7
What is the hundreds digit of 1339?
3
What is the tens digit of 1849?
4
What is the tens digit of 217?
1
What is the tens digit of 1214?
1
What is the units digit of 2062?
2
What is the thousands digit of 10800?
0
What is the tens digit of 2950?
5
What is the tens digit of 1388?
8
What is the ten thousands digit of 14444?
1
What is the hundreds digit of 3552?
5
What is the units digit of 31383?
3
What is the hundreds digit of 57230?
2
What is the units digit of 17094?
4
What is the tens digit of 8499?
9
What is the hundreds digit of 417?
4
What is the hundreds digit of 1262?
2
What is the ten thousands digit of 11777?
1
What is the units digit of 5093?
3
What is the thousands digit of 25474?
5
What is the hundreds digit of 420?
4
What is the tens digit of 840?
4
What is the thousands digit of 27298?
7
What is the units digit of 2437?
7
What is the hundreds digit of 843?
8
What is the thousands digit of 7993?
7
What is the hundreds digit of 460?
4
What is the tens digit of 1769?
6
What is the hundreds digit of 335?
3
What is the tens digit of 449?
4
What is the tens digit of 259?
5
What is the tens digit of 2280?
8
What is the tens digit of 1577?
7
What is the hundreds digit of 46829?
8
What is the units digit of 21429?
9
What is the hundreds digit of 2564?
5
What is the ten thousands digit of 48170?
4
What is the units digit of 387?
7
What is the units digit of 6708?
8
What is the units digit of 2400?
0
What is the hundreds digit of 113?
1
What is the thousands digit of 16423?
6
What is the units digit of 3708?
8
What is the thousands digit of 82704?
2
What is the tens digit of 3044?
4
What is the units digit of 2895?
5
What is the units digit of 60960?
0
What is the ten thousands digit of 88771?
8
What is the hundreds digit of 7475?
4
What is the tens digit of 852?
5
What is the units digit of 983?
3
What is the tens digit of 277?
7
What is the tens digit of 69?
6
What is the units digit of 716?
6
What is the ten thousands digit of 118570?
1
What is the hundreds digit of 176826?
8
What is the ten thousands digit of 43277?
4
What is the ten thousands digit of 30625?
3
What is the thousands digit of 2821?
2
What is the thousands digit of 3478?
3
What is the thousands digit of 56486?
6
What is the thousands digit of 17479?
7
What is the units digit of 11065?
5
What is the thousands digit of 2771?
2
What is the tens digit of 249?
4
What is the thousands digit of 2691?
2
What is the thousands digit of 28776?
8
What is the hundreds digit of 735?
7
What is the tens digit of 830?
3
What is the units digit of 1677?
7
What is the hundreds digit of 13937?
9
What is the thousands digit of 1869?
1
What is the units digit of 7962?
2
What is the tens digit of 7413?
1
What is the thousands digit of 11034?
1
What is the ten thousands digit of 33702?
3
What is the thousands digit of 6437?
6
What is the thousands digit of 2869?
2
What is the units digit of 10?
0
What is the hundreds digit of 162282?
2
What is the thousands digit of 54551?
4
What is the thousands digit of 19292?
9
What is the ten thousands digit of 32367?
3
What is the tens digit of 37574?
7
What is the thousands digit of 31608?
1
What is the hundreds digit of 12510?
5
What is the units digit of 7902?
2
What is the hundreds digit of 8940?
9
What is the tens digit of 2835?
3
What is the hundreds digit of 287?
2
What is the hundreds digit of 6379?
3
What is the units digit of 4382?
2
What is the hundreds digit of 121977?
9
What is the thousands digit of 3094?
3
What is the tens digit of 27753?
5
What is the units digit of 384?
4
What is the tens digit of 916?
1
What is the hundreds digit of 47783?
7
What is the units digit of 4789?
9
What is the units digit of 1856?
6
What is the hundreds digit of 2323?
3
What is the units digit of 93487?
7
What is the ten thousands digit of 33017?
3
What is the thousands digit of 3867?
3
What is the units digit of 233?
3
What is the tens digit of 961?
6
What is the tens digit of 982?
8
What is the units digit of 8992?
2
What is the units digit of 763?
3
What is the hundreds digit of 4605?
6
What is the tens digit of 113?
1
What is the thousands digit of 3187?
3
What is the hundreds digit of 147?
1
What is the hundreds digit of 4705?
7
What is the ten thousands digit of 54857?
5
What is the units digit of 10399?
9
What is the tens digit of 8299?
9
What is the ten thousands digit of 17474?
1
What is the tens digit of 876?
7
What is the tens digit of 395?
9
What is the hundreds digit of 1388?
3
What is the thousands digit of 1017?
1
What is the ten thousands digit of 51824?
5
What is the thousands digit of 1122?
1
What is the thousands digit of 16908?
6
What is the thousands digit of 23698?
3
What is the hundreds digit of 870?
8
What is the hundreds digit of 77676?
6
What is the tens digit of 3043?
4
What is the ten thousands digit of 19207?
1
What is the tens digit of 501?
0
What is the tens digit of 5387?
8
What is the units digit of 736?
6
What is the units digit of 580?
0
What is the hundreds digit of 493?
4
What is the units digit of 70063?
3
What is the tens digit of 3390?
9
What is the tens digit of 132?
3
What is the hundreds digit of 6169?
1
What is the units digit of 54749?
9
What is the units digit of 155009?
9
What is the ten thousands digit of 54941?
5
What is the thousands digit of 4990?
4
What is the tens digit of 1330?
3
What is the units digit of 6286?
6
What is the ten thousands digit of 63340?
6
What is the units digit of 299?
9
What is the hundreds digit of 17684?
6
What is th